. Let t be (-124)/(-10) - (-10)/o. What is the highest common divisor of t and 30?
6
Let s = 30 - 26. Suppose -s*v - 2*o = -3*o - 125, -5*v + 154 = o. What is the greatest common divisor of v and 341?
31
Suppose -6*c = -10*c - 132. Let w = -27 - c. Suppose 0 = s + w*s - 56. Calculate the highest common factor of 64 and s.
8
Let b = 57 - 41. Suppose -4*y = 4*j - 9*j + 560, -3*j + 336 = 3*y. What is the highest common divisor of j and b?
16
Let m = -130 + 194. Let t = m - -13. Calculate the highest common factor of 11 and t.
11
Let r = 162 + 76. What is the highest common factor of r and 14?
14
Let q be ((-10)/(-7))/(8 - (-4142)/(-518)). Calculate the highest common factor of q and 74.
74
Let h(m) = 4 + 3*m - 5*m - 8*m + 2*m. Let x be h(3). Let k be 4/(-6)*(x + 2). Calculate the highest common factor of k and 60.
12
Suppose 6*v = 3*v - 5*h, 4*v - 5*h - 35 = 0. Let g(a) = -a**2 - 13*a - 14. Let x be g(-11). Let n = x + 12. Calculate the greatest common factor of v and n.
5
Let r(t) = t**2 + 8*t - 6. Let n be r(-9). Suppose 0 = -l + 2, 37 = -n*u - 0*u - l. Let f = -4 - u. What is the highest common factor of f and 3?
3
Let z be 4/(-9) + ((-386)/(-18))/1. Calculate the highest common divisor of 819 and z.
21
Let z = 116 + -42. Suppose 3*s = 5*s - 2*n - 130, s - 4*n - z = 0. Suppose -s - 343 = -5*b. Calculate the greatest common divisor of b and 27.
27
Let d = 8 + -5. Let r be ((-42)/56)/((-2)/32). What is the highest common factor of d and r?
3
Suppose -3*o + 0*o - 6 = 0, -3*o = 2*f - 94. Suppose 0 = 2*s - k - f, 5*s - 119 = 4*k + 6. Calculate the highest common divisor of 10 and s.
5
Suppose -5*l + 2*d = 269, 0 = -l + 2*d - 5*d - 64. Let h = l - -106. Calculate the greatest common factor of 17 and h.
17
Let o = 2 + 2. Let u be 8/(0 + o/16). Calculate the greatest common factor of 80 and u.
16
Let n be -1 + (13 - 4) - -22. Calculate the highest common factor of n and 312.
6
Let i(a) = 4*a**2 + 29*a - 165. Let j be i(5). Calculate the highest common factor of 480 and j.
80
Suppose 3*j + 5*o = 8*j + 165, 141 = -4*j - 5*o. Let u = j - -50. What is the highest common divisor of u and 24?
8
Let k be 3 + (-3)/(9/(-6)) + 0. Suppose -k = -u, -r = -2*r - 3*u + 70. Suppose 0 = d - 1 - 10. What is the greatest common divisor of r and d?
11
Let z(q) = 113*q - 196. Let d be z(2). Suppose 0 = 4*k - w - 124 + 9, 3*k - 70 = 4*w. What is the greatest common factor of d and k?
30
Suppose 4*d = -7*d + 1122. What is the highest common factor of d and 170?
34
Let m be 2*(-3)/(-12)*0. Let l = m + 3. Let n be ((-3)/2)/(2/(-12)). What is the highest common divisor of l and n?
3
Let l(v) = v - 9. Let m = 16 - 4. Let z be l(m). Let h(s) = 4*s**2 - 4*s + 2. Let r be h(z). What is the greatest common divisor of 65 and r?
13
Let u = -6078 + 9214. What is the greatest common divisor of u and 112?
112
Suppose 5*h - 118 = -4*q, -2*q + q - 2*h = -31. Let x = -448 + 457. Calculate the greatest common divisor of x and q.
9
Let d = 67 - 47. Let q = -25 - -32. Suppose -5*l = -q*l + 16. Calculate the greatest common factor of l and d.
4
Let x be 5/(-1) + 0 - -49. Calculate the highest common divisor of 1188 and x.
44
Suppose 2*m - 33 = 19. Suppose -g = -m - 4. Suppose 95 = -3*d + 155. What is the highest common factor of d and g?
10
Let b(z) = 4*z**3 + 2*z**2 - 4*z - 3. Let s be b(5). Let m = -368 + s. Let i = m - 63. What is the greatest common divisor of i and 24?
24
Let g = -609 - -801. What is the greatest common divisor of 3 and g?
3
Let g = 2183 - 1270. What is the highest common factor of g and 11?
11
Suppose -5*o + 69 + 51 = 0. Let l be (-126)/24*o/(-9). Calculate the greatest common factor of 35 and l.
7
Suppose -6*r - 30 + 30 = 0. Suppose k + 24 = 2*n - r*n, -90 = -5*n - 5*k. Calculate the highest common factor of n and 98.
14
Suppose -z = 2*z - 96. Suppose z = 4*h + 4*d, 3*h + d + 8 = 4*h. Suppose 0 = 6*n - 3 - 3. What is the highest common factor of n and h?
1
Suppose -5*f = 4*o - 29, -o + 2*f - 3 - 6 = 0. Let r = -894 - -895. Calculate the greatest common divisor of o and r.
1
Let s = 144 + -84. Let i = -57 + s. Calculate the greatest common factor of i and 2.
1
Let r(t) = -3*t**2 - 5 + 0 + 4*t**2 + 7 + 3*t. Let p be r(-7). Calculate the highest common divisor of p and 12.
6
Let s = 2484 + -1484. What is the greatest common divisor of 40 and s?
40
Let y(v) = 44*v**3 - 5*v + 5. Let k be y(1). Calculate the highest common factor of k and 198.
22
Let c(l) = -2*l**3 + 26*l**2 - 60*l + 9. Let k be c(9). What is the greatest common factor of k and 273?
39
Let b(y) = -101*y - 526. Let x be b(-6). What is the greatest common factor of x and 12?
4
Let p = -205 + 365. Let i = -116 + p. Calculate the greatest common divisor of i and 110.
22
Let u = -292 + 367. What is the highest common divisor of 105 and u?
15
Let w be ((-4)/3)/(0 + 4/(-24)). What is the greatest common factor of 8 and w?
8
Let d = 113 - 113. Suppose d = -4*i + 5 + 195. Suppose -2*l - 5*r + 5 = 0, 3*l + 3*r - 17 = 4. Calculate the greatest common factor of i and l.
10
Suppose u + 6 + 14 = 3*s, 2*u - s = -60. Let o be (u/24)/(2/(-12)). Let v = o + -5. Calculate the highest common divisor of v and 27.
3
Let g be (-10)/(0 - 2/3). Let j be ((-1)/(-1))/(4/(0 - -80)). Let a be -3*j/12*-1. What is the greatest common divisor of g and a?
5
Suppose 45*u - 47*u = -704. What is the greatest common factor of u and 22?
22
Let k be (-4)/(-28) + (-26)/(-14). Suppose -x + 8 = -k. What is the greatest common divisor of 40 and x?
10
Let w = 273 - 86. Let g(o) = 10*o - 23. Let s be g(12). Let x = 114 - s. What is the greatest common divisor of x and w?
17
Let x(r) = -22*r**3 + 2*r**2 + 7*r + 6. Let v be x(-2). Calculate the highest common divisor of 66 and v.
22
Let r = 381 + -201. Suppose 28 = 2*w + 4*a, 3*w - 75 = -0*w + 5*a. What is the highest common factor of w and r?
20
Let y = 938 + -788. Let t be 24*((-5)/(-2) - 0). Calculate the highest common factor of t and y.
30
Let p(s) = 22*s + 118. Let l be p(-5). What is the greatest common factor of l and 8?
8
Let y(k) = -k**3 - 7*k**2 - 10*k + 11. Let z be y(-5). Calculate the greatest common divisor of 77 and z.
11
Let a = -150 - -180. Let u = -22 + 67. What is the greatest common divisor of a and u?
15
Let f be 148*4/14 - (-14)/(-49). What is the highest common divisor of 126 and f?
42
Suppose 0 = x + 5, 0 = -10*n + 5*n + x + 115. Suppose -42*h = -46 - 38. What is the highest common factor of h and n?
2
Let f be 36 + 1 + 5 + -2. Let t(m) = -m**2 - 24*m - 28. Let w be t(-21). Let x = 51 - w. What is the greatest common divisor of f and x?
8
Let o be (11 - 1) + (1 + -3 - 5). Calculate the highest common factor of o and 3.
3
Let w = 106 + 34. Let v(q) = q**2 + 120*q + 2431. Let h be v(-25). Calculate the greatest common factor of h and w.
28
Let y(j) = 2*j**3 + 22*j**2 + j + 26. Let h be y(-11). Let n be 7/((-35)/h) - -21. Calculate the greatest common divisor of 9 and n.
9
Let u = 30 - -18. Let w(d) be the third derivative of -d**5/30 - d**4/24 + 2*d**3 + 27*d**2. Let x be w(0). Calculate the highest common divisor of x and u.
12
Let v(s) = 2*s - 31. Let k be v(18). Suppose 10 = -k*h + 7*h. Calculate the greatest common divisor of h and 40.
5
Suppose k + 357 = 6*k - 4*m, 5*m + 15 = 0. Calculate the highest common factor of k and 23.
23
Let z(o) = 2*o**2 - 4*o. Let i be z(3). Let q be 1/(-3) - (-140)/i. Let v = -22 + q. Calculate the greatest common factor of 1 and v.
1
Suppose 0 = g + 7*g - 520. Calculate the greatest common divisor of g and 5.
5
Let q(u) = 5*u**2 + u + 1. Let w be q(-1). Let t = 6 - 4. Suppose 0 = -t*s + 9 + w. What is the highest common factor of 7 and s?
7
Let a be ((-36)/42)/3 + 30/7. Suppose -5*d = -a*d - 39. What is the greatest common divisor of 13 and d?
13
Suppose 12*c - 35 = 7*c. Calculate the greatest common divisor of 49 and c.
7
Suppose c - 2 = -0*c. Suppose -l - 56 = -5*t, 0 = -t + l + 6 + c. Calculate the highest common divisor of 120 and t.
12
Suppose -191 = -z - 63. Suppose -2*x = -7*x + 50. Let m be (-156)/(-10) + 4/x. Calculate the greatest common factor of m and z.
16
Let n = -2504 + 2544. Let u(j) = j - 8. Let w be u(8). Let f be 9 - ((2 - 1) + w). What is the greatest common divisor of n and f?
8
Let f(o) = -3*o - 6*o**2 + 0*o - 2*o**3 - 6 